{"id":59,"date":"2023-08-31T08:39:00","date_gmt":"2023-08-31T08:39:00","guid":{"rendered":"https:\/\/mygalomorphes.xiapdesign.com\/?page_id=59"},"modified":"2023-08-31T08:39:00","modified_gmt":"2023-08-31T08:39:00","slug":"les-atypidae","status":"publish","type":"page","link":"https:\/\/mygalomorphes.xiapdesign.com\/index.php\/les-atypidae\/","title":{"rendered":"LES\u00a0ATYPIDAE"},"content":{"rendered":"\n<h3 class=\"wp-block-heading\">I) Pr\u00e9sentation des\u00a0<em>Atypid<\/em>ae\u00a0:<\/h3>\n\n\n\n<p>Les\u00a0<em>Atypidae<\/em>\u00a0sont des araign\u00e9es massives de taille moyenne (0,7 cm \u00e0 2cm).Elles vivent dans un tube de soie ferm\u00e9, en grande partie dans le sol. Elles pr\u00e9sentent deux paires de poumons et les ch\u00e9lic\u00e8res les plus massifs de toutes les esp\u00e8ces d&rsquo;araign\u00e9es europ\u00e9ennes. Les crochets sont tr\u00e8s d\u00e9velopp\u00e9s (3 \u00e0 4 mm) par rapport \u00e0 la taille de l&rsquo;individu.<br>Ces araign\u00e9es creusent un trou profond dans une terre souple ou des d\u00e9tritus, puis le tapissent en formant un tube de soie \u00e9paisse. La partie souterraine s&rsquo;\u00e9tend entre 10 et 50 cm au-dessous de la surface et la partie a\u00e9rienne mesure de 3 \u00e0 12 cm. Quand une proie potentielle marche sur la partie externe du tube, l&rsquo;araign\u00e9e se pr\u00e9cipite en haut et transperce la proie avec ses longs crochets. Le tube est progressivement d\u00e9chir\u00e9 et la proie tir\u00e9e \u00e0 l&rsquo;int\u00e9rieur.<br>Le rituel de la reproduction et la dur\u00e9e de vie ne sont connus que pour\u00a0<em>Atypus<\/em>\u00a0<em>affinis\u00a0<\/em>et seront trait\u00e9s dans le paragraphe qui lui est consacr\u00e9 .<br>Cette famille regroupe 3 genres dont un seul est pr\u00e9sent en France : le genre\u00a0<em>Atypus<\/em>. le nom de Genre\u00a0<em>Atypus<\/em>\u00a0aurait comme signification \u00ab\u00a0r\u00e8gle\u00a0\u00bb (anormal).<br>On d\u00e9nombre actuellement trois esp\u00e8ces d&rsquo;<em>Atypus\u00a0<\/em>sur le territoire fran\u00e7ais :\u00a0<\/p>\n\n\n\n<p><em><u>Atypus affinis\u00a0<\/u><\/em>: c&rsquo;est la plus r\u00e9pandue des trois. Cette araign\u00e9e est pr\u00e9sente sur toute la France dans les for\u00eats sablonneuses ou les pelouses calcaires. La femelle peut atteindre la taille de 2 cm et le m\u00e2le 0,9 cm.<\/p>\n\n\n<div class=\"wp-block-image\">\n<figure class=\"aligncenter size-full\"><img loading=\"lazy\" decoding=\"async\" width=\"500\" height=\"377\" src=\"https:\/\/mygalomorphes.xiapdesign.com\/wp-content\/uploads\/2023\/08\/atypus.jpg\" alt=\"\" class=\"wp-image-60\" srcset=\"https:\/\/mygalomorphes.xiapdesign.com\/wp-content\/uploads\/2023\/08\/atypus.jpg 500w, https:\/\/mygalomorphes.xiapdesign.com\/wp-content\/uploads\/2023\/08\/atypus-300x226.jpg 300w\" sizes=\"auto, (max-width: 500px) 100vw, 500px\" \/><figcaption class=\"wp-element-caption\"><em>Atypus affinis<\/em><\/figcaption><\/figure>\n<\/div>\n\n\n<p><\/p>\n\n\n\n<p><em><u>Atypus piceus\u00a0<\/u><\/em>: elle se distingue\u00a0<em>d&rsquo;Atypus affinis\u00a0<\/em>par un corps et des fili\u00e8res plus sombres. Elle occupe les m\u00eames habitats qu&rsquo;<em>A. affinis\u00a0<\/em>mais est beaucoup plus rare. Son tube de soie est normalement plus court. M\u00e2le et femelle sont sensiblement de la m\u00eame taille ,1 cm pour l&rsquo;un et 0,9 cm pour l&rsquo;autre.<\/p>\n\n\n<div class=\"wp-block-image\">\n<figure class=\"aligncenter size-full\"><img loading=\"lazy\" decoding=\"async\" width=\"420\" height=\"280\" src=\"https:\/\/mygalomorphes.xiapdesign.com\/wp-content\/uploads\/2023\/08\/pro23.jpg\" alt=\"\" class=\"wp-image-61\" srcset=\"https:\/\/mygalomorphes.xiapdesign.com\/wp-content\/uploads\/2023\/08\/pro23.jpg 420w, https:\/\/mygalomorphes.xiapdesign.com\/wp-content\/uploads\/2023\/08\/pro23-300x200.jpg 300w\" sizes=\"auto, (max-width: 420px) 100vw, 420px\" \/><figcaption class=\"wp-element-caption\"><em>Atypus piceus<\/em><\/figcaption><\/figure>\n<\/div>\n\n\n<p><em><u>Atypus muralis\u00a0<\/u><\/em>: se distingue des deux autres esp\u00e8ces par la pr\u00e9sence de fili\u00e8res post\u00e9rieurs \u00e0 quatre segments. Le tube de soie est de taille interm\u00e9diaire \u00e0 celui\u00a0<em>d&rsquo;A. affinis\u00a0<\/em>et\u00a0<em>A. piceus<\/em>. Les individus m\u00e2les et femelles sont de m\u00eame taille que chez\u00a0<em>A. affinis<\/em>. Sa pr\u00e9sence en France n&rsquo;est pas absolument certaine, mais elle est soup\u00e7onn\u00e9e.<\/p>\n\n\n\n<h3 class=\"wp-block-heading\">II) Pr\u00e9sentation d&rsquo;<em>Atypus affinis<\/em>\u00a0:<\/h3>\n\n\n<div class=\"wp-block-image\">\n<figure class=\"alignright size-full\"><img loading=\"lazy\" decoding=\"async\" width=\"364\" height=\"236\" src=\"https:\/\/mygalomorphes.xiapdesign.com\/wp-content\/uploads\/2023\/08\/05atypus-1.jpg\" alt=\"\" class=\"wp-image-64\" srcset=\"https:\/\/mygalomorphes.xiapdesign.com\/wp-content\/uploads\/2023\/08\/05atypus-1.jpg 364w, https:\/\/mygalomorphes.xiapdesign.com\/wp-content\/uploads\/2023\/08\/05atypus-1-300x195.jpg 300w\" sizes=\"auto, (max-width: 364px) 100vw, 364px\" \/><figcaption class=\"wp-element-caption\">La chausette de soie d&rsquo;Atypus sp.<\/figcaption><\/figure>\n<\/div>\n\n\n<p><em>A. affinis\u00a0<\/em>est une araign\u00e9e massive \u00e0 pattes courtes, bien adapt\u00e9es \u00e0 sa vie terricole et d&rsquo;activit\u00e9 nocturne. Elle utilise ses puissants crochets pour creuser le substrat et commencer la construction de son terrier. Celui-ci est en fait une chaussette de soie tiss\u00e9e par l&rsquo;animal qui s&rsquo;enfonce \u00e0 l&rsquo;oblique dans le sol de 10 \u00e0 50 cm et pr\u00e9sente une partie externe d&rsquo;une longueurallant de 3 \u00e0 12 cm. La partie externe est couverte de petits grains de terre et de sable ainsi que de petits d\u00e9bris v\u00e9g\u00e9taux permettant de bien camoufler le tube de soie. Elle commence l&rsquo;\u00e9laboration de son terrier par cette partie externe. La chaussette de soie est tiss\u00e9e sur un terrain sablonneux ou calcaire sur forte pente souvent \u00e0 proximit\u00e9 de racines d&rsquo;arbres. On peut \u00e9galement dans le cas de terrains calcaires trouver le tube du c\u00f4t\u00e9 ensoleill\u00e9 pr\u00e8s de monticules de la fourmi\u00a0<em>Lasius flavus<\/em>. La zone d&rsquo;installation peut \u00eatre ensoleill\u00e9e ou ombrag\u00e9e, la v\u00e9g\u00e9tation y est courte mais peu fournie.<\/p>\n\n\n<div class=\"wp-block-image\">\n<figure class=\"alignright size-full\"><img loading=\"lazy\" decoding=\"async\" width=\"350\" height=\"319\" src=\"https:\/\/mygalomorphes.xiapdesign.com\/wp-content\/uploads\/2023\/08\/catch.jpg\" alt=\"\" class=\"wp-image-65\" srcset=\"https:\/\/mygalomorphes.xiapdesign.com\/wp-content\/uploads\/2023\/08\/catch.jpg 350w, https:\/\/mygalomorphes.xiapdesign.com\/wp-content\/uploads\/2023\/08\/catch-300x273.jpg 300w\" sizes=\"auto, (max-width: 350px) 100vw, 350px\" \/><\/figure>\n<\/div>\n\n\n<p>L&rsquo;araign\u00e9e reste au fond de la toile dans la partie souterraine \u00e0 l&rsquo;aff\u00fbt d&rsquo;une proie. Quand celle-ci marche sur la partie ext\u00e9rieure du tube,\u00a0<em>A. affinis\u00a0<\/em>se pr\u00e9cipite pour la mordre \u00e0 travers la toile. Puis elle d\u00e9prime la paroi du tube et pratique deux fentes dans la soie avec ses ch\u00e9lic\u00e8res. Elle am\u00e8ne alors la proie au fond du tube pour la manger. Elle r\u00e9pare ensuite la toile perc\u00e9e.<\/p>\n\n\n\n<p>Le m\u00e2le d&rsquo;<em>A. affinis\u00a0<\/em>devient adulte en automne, il abandonne son tube et part \u00e0 la recherche des femelles. Quand il en trouve une, il tambourine contre le tube avec ses pattes ant\u00e9rieures et ses pattes m\u00e2choires. S&rsquo;il n&rsquo;est pas repouss\u00e9 il va entrer et s&rsquo;accoupler. Les deux individus peuvent cohabiter pendant plusieurs mois durant l&rsquo;hiver, mais ensuite le m\u00e2le devient s\u00e9nile et meurt. Il peut alors \u00eatre mang\u00e9 par la femelle. Durant l&rsquo;hiver,<em>\u00a0A. affinis\u00a0<\/em>entre en diapause apr\u00e8s avoir obstru\u00e9 la partie a\u00e9rienne du terrier. De juin \u00e0 septembre, la femelle pond de 80 \u00e0 150 oeufs, qu&rsquo;elle dispose dans un cocon, plut\u00f4t dans la partie sup\u00e9rieure et souterraine du nid , environ 10 mois apr\u00e8s l&rsquo;accouplement.<br>Au bout de quelques semaines, vers la fin de l&rsquo;\u00e9t\u00e9, sortent de petites larves, ou postpulli, au corps d\u00e9pigment\u00e9 et sans soies. Les larves ne se nourrissent pas et bougent tr\u00e8s peu. Elles muent au bout de deux semaines et donnent alors un animal pourvu de pigments, de soies sensorielles et autres organes. Elles sont capables aussi bien de se nourrir que de filer. Leur taille est alors d&rsquo;environ 1 mm.<br>La m\u00e8re les tol\u00e8re bien dans son nid durant tout l&rsquo;hiver. D\u00e8s que le juv\u00e9nile a mu\u00e9 pour donner une araign\u00e9e plus proche de l&rsquo;adulte, il quitte le terrier maternel. Il s&rsquo;\u00e9coule dix-huit mois entre l&rsquo;accouplement et la dispersion des jeunes. Le d\u00e9part est terrestre, ce qui explique la faible dispersion et le fait que l&rsquo;on retrouve beaucoup de terriers dans un m\u00eame lieu. Chaque jeune construit un terrier individuel o\u00f9 il se nourrira et continuera sa croissance. Ceux qui survivront mettront quatre ans \u00e0 atteindre l&rsquo;\u00e2ge adulte. Les m\u00e2les meurent quelques mois apr\u00e8s l&rsquo;accouplement, mais les femelles peuvent faire plusieurs pontes et encore vivre deux \u00e0 cinq ans. Leur dur\u00e9e de vie peut donc aller de 6 \u00e0 9 ans.\u00a0<br>Les pr\u00e9dateurs d&rsquo;<em>A. affinis\u00a0<\/em>sont d&rsquo;autres araign\u00e9es de la famille des\u00a0<em>Gnaphosidae,<\/em>\u00a0des gu\u00eapes parasites (Hym\u00e9nopt\u00e8res) appartenant \u00e0 la famille des\u00a0<em>Ichneumonidae\u00a0<\/em>comme\u00a0<em>Aporus unicolor\u00a0<\/em>ou des\u00a0<em>Pompilidae<\/em>, qui p\u00e9n\u00e8trent ais\u00e9ment dans le terrier, mais aussi des rongeurs et des oiseaux.<br>Elle se nourrit principalement de petits insectes comme des mouches, des grillons (<em>Nemobius sylvestris<\/em>) ou de petites blattes.\u00a0<br>Le venin d&rsquo;<em>A. affinis,<\/em>\u00a0de nature inconnu, peut provoquer une pouss\u00e9e de fi\u00e8vre \u00e0 39\u00b0C pendant quelques heures, une l\u00e9g\u00e8re asth\u00e9nie et une petite n\u00e9crose de la peau au niveau de la morsure . N\u00e9anmoins, les risques sont faibles car cette araign\u00e9e n&rsquo;est pas agressive.<\/p>\n\n\n\n<p>Les\u00a0<em>Atypidae<\/em>\u00a0ne se trouvent pas seulement en France et en Europe, ils sont \u00e9galement pr\u00e9sents dans le monde entier. Tr\u00e8s peu d&rsquo;informations sont disponibles sur leur sujet. J&rsquo;ai rassembl\u00e9 toutes les informations que je pouvais avoir sur le sujet dans la page consacr\u00e9e\u00a0<a href=\"http:\/\/jean-marc.birat.pagesperso-orange.fr\/world%20atypus.html\">aux\u00a0<em>Atypidae<\/em>\u00a0dans le monde<\/a>.\u00a0<\/p>\n","protected":false},"excerpt":{"rendered":"<p>I) Pr\u00e9sentation des\u00a0Atypidae\u00a0: Les\u00a0Atypidae\u00a0sont des araign\u00e9es massives de taille moyenne (0,7 cm \u00e0 2cm).Elles vivent dans un tube de soie ferm\u00e9, en grande partie dans le sol. Elles pr\u00e9sentent deux paires de poumons et les ch\u00e9lic\u00e8res les plus massifs de&#8230;<\/p>\n","protected":false},"author":1,"featured_media":0,"parent":0,"menu_order":0,"comment_status":"closed","ping_status":"closed","template":"","meta":{"footnotes":""},"class_list":["post-59","page","type-page","status-publish","hentry","no-post-thumbnail"],"_links":{"self":[{"href":"https:\/\/mygalomorphes.xiapdesign.com\/index.php\/wp-json\/wp\/v2\/pages\/59","targetHints":{"allow":["GET"]}}],"collection":[{"href":"https:\/\/mygalomorphes.xiapdesign.com\/index.php\/wp-json\/wp\/v2\/pages"}],"about":[{"href":"https:\/\/mygalomorphes.xiapdesign.com\/index.php\/wp-json\/wp\/v2\/types\/page"}],"author":[{"embeddable":true,"href":"https:\/\/mygalomorphes.xiapdesign.com\/index.php\/wp-json\/wp\/v2\/users\/1"}],"replies":[{"embeddable":true,"href":"https:\/\/mygalomorphes.xiapdesign.com\/index.php\/wp-json\/wp\/v2\/comments?post=59"}],"version-history":[{"count":2,"href":"https:\/\/mygalomorphes.xiapdesign.com\/index.php\/wp-json\/wp\/v2\/pages\/59\/revisions"}],"predecessor-version":[{"id":66,"href":"https:\/\/mygalomorphes.xiapdesign.com\/index.php\/wp-json\/wp\/v2\/pages\/59\/revisions\/66"}],"wp:attachment":[{"href":"https:\/\/mygalomorphes.xiapdesign.com\/index.php\/wp-json\/wp\/v2\/media?parent=59"}],"curies":[{"name":"wp","href":"https:\/\/api.w.org\/{rel}","templated":true}]}}