{"id":104,"date":"2023-08-31T09:41:09","date_gmt":"2023-08-31T09:41:09","guid":{"rendered":"https:\/\/mygalomorphes.xiapdesign.com\/?page_id=104"},"modified":"2023-08-31T09:41:09","modified_gmt":"2023-08-31T09:41:09","slug":"observations-datypus-affinis-dans-le-departement-de-la-creuse","status":"publish","type":"page","link":"https:\/\/mygalomorphes.xiapdesign.com\/index.php\/observations-datypus-affinis-dans-le-departement-de-la-creuse\/","title":{"rendered":"Observations d\u2019Atypus affinis\u00a0dans le d\u00e9partement de la Creuse"},"content":{"rendered":"\n<h3 class=\"wp-block-heading\">Observations sur\u00a0<em>Atypus affinis\u00a0<\/em>(<em>Mygalomorphae<\/em>,\u00a0<em>Atypidae<\/em>)<em>\u00a0<\/em>Eichwald, 1830 dans le d\u00e9partement de la Creuse.<\/h3>\n\n\n\n<p>Etant de passage dans la Creuse (premi\u00e8re semaine d&rsquo;ao\u00fbt), je d\u00e9cidai d&rsquo;entreprendre des recherches sur le terrain afin de d&rsquo;observer si\u00a0<em>Atypus affinis<\/em>\u00a0\u00e9tait pr\u00e9sent dans le d\u00e9partement. Les nombreuses for\u00eats sablonneuses me laissaient penser qu&rsquo;il \u00e9tait possible de trouver cette Mygale dans la r\u00e9gion. N\u00e9anmoins, comme le substrat \u00e9tait granitique et non pas acide, comme dans les diff\u00e9rentes zones de prospections \u00e9tudi\u00e9es pr\u00e9c\u00e9demment dans la r\u00e9gion Lorraine, je ne savais pas si j&rsquo;allais \u00eatre capable de retrouver ces araign\u00e9es sur ce type particulier de sol.<br>Mes recherches se sont faites dans un p\u00e9rim\u00e8tres d&rsquo;environ 15 km autour de Gu\u00e9ret. J&rsquo;ai d\u00e9fini 3 zones de prospections en fonction du type de for\u00eat ou de l&rsquo;altitude :<br>-1\u00e8re zone de prospection :\u00a0situ\u00e9e sur un remblais de type sablonneux tapiss\u00e9 essentiellement de mousses en bord de route \u00e0 la lisi\u00e8re d&rsquo;une ch\u00eanaie exclusive (altitude: 380 m\u00e8tres). Mes recherches se sont port\u00e9es sur une longueur de 50 m\u00e8tres. J&rsquo;ai pu trouver 3 chaussettes d&rsquo;<em>Atypus\u00a0<\/em>: 2 d&rsquo;entre elles \u00e9taient situ\u00e9es \u00e0 mi-hauteur du remblais, et l&rsquo;autre \u00e9tait au sommet du remblais. Les 3 toiles \u00e9taient bien encr\u00e9es dans le tapis de mousse et leur partie externe pendait vers le bas d\u00e9passant de 5 \u00e0 5,5 cm. Apr\u00e8s extraction des 3 tubes de soie, j&rsquo;ai pu retrouver 2 individus femelles et une exuvie, retrouv\u00e9e dans une chaussette tr\u00e8s dess\u00e9ch\u00e9e dans sa partie externe et qui semblait avoir \u00e9t\u00e9 abandonn\u00e9e.<\/p>\n\n\n\n<figure class=\"wp-block-table\"><table><tbody><tr><td><strong>Longueur du tube de soie (en cm)<\/strong><\/td><td>\u00a0<strong>Taille de l&rsquo;araign\u00e9e (en mm, ch\u00e9lic\u00e8res compris)<\/strong><\/td><td><strong>Particularit\u00e9s de l&rsquo;araign\u00e9e<\/strong><\/td><\/tr><tr><td>\u00a013,5<\/td><td>21<\/td><td>Comportement vivace, fili\u00e8res tr\u00e8s d\u00e9velopp\u00e9es, individu femelle.<\/td><\/tr><tr><td>19,8<\/td><td>18<\/td><td>\u00a0Comportement passif, individu femelle.<\/td><\/tr><tr><td>\u00a012,6<\/td><td>Pas d&rsquo;individu retrouv\u00e9<\/td><td>\/<\/td><\/tr><\/tbody><\/table><\/figure>\n\n\n\n<p>-2\u00e8me zone de prospection :&nbsp;situ\u00e9e \u00e9galement sur un remblais de type sablonneux tapiss\u00e9 essentiellement de mousses en bord d&rsquo;une route situ\u00e9e dans une ch\u00e2taigneraie-sapini\u00e8re (altitude: 440 m\u00e8tres). La longueur de la zone de prospection \u00e9tait de 200 m\u00e8tres. La tapis de mousse \u00e9tait tr\u00e8s d\u00e9velopp\u00e9 et tr\u00e8s \u00e9pais ce qui rendaient les recherches plus compliqu\u00e9es. Je n&rsquo;ai pu trouv\u00e9 ici qu&rsquo;une seule chaussette d&rsquo;<em>Atypus<\/em>, dont la partie externe faisait 5 cm et dont la longueur totale \u00e9tait de 18 cm. Un individu femelle de 15 mm de long a pu \u00eatre extrait du tube de soie. Il est probable qu&rsquo;une plus grande quantit\u00e9 d&rsquo;individus peuplait la zone de prospection mais le couvert v\u00e9g\u00e9tale tr\u00e8s d\u00e9velopp\u00e9 et les conditions m\u00e9t\u00e9orologiques (averses) ont rendu les recherches difficiles.<\/p>\n\n\n\n<p>-3\u00e8me zone de prospection :&nbsp;situ\u00e9 sur le Maupuy (altitude: 683 m\u00e8tres) au Sud-Ouest de Gu\u00e9ret. J&rsquo;ai prospect\u00e9 ici diff\u00e9rentes zones sur des pentes recouvertes de mousses \u00e0 des altitudes comprises entre 500 et 600 m\u00e8tres. Je n&rsquo;ai pu trouv\u00e9 aucunes chaussettes d&rsquo;<em>Atypus<\/em>&nbsp;et aucun individu. Il est possible que l&rsquo;absence de Mygale dans cette zone soit \u00e0 mettre en relation avec l&rsquo;altitude, puisque le substrat \u00e9tait identique \u00e0 celui des 2 autres zones prospect\u00e9es ainsi que les conditions hygrom\u00e9triques.&nbsp;<br><br>Les trois Mygales recueillies lors des recherches ont ensuite \u00e9t\u00e9 plac\u00e9es en conditions d&rsquo;\u00e9levage dans un bocal rempli \u00e0 1\/3 de terre r\u00e9cup\u00e9r\u00e9e sur le premier site. Les 3 araign\u00e9es creusent alors d\u00e8s le premier jour une nouvelle chaussette apr\u00e8s avoir recherch\u00e9e une zone favorable, toujours au bord du bocal. Un des trois&nbsp;<em>Atypus<\/em>&nbsp;a mu\u00e9 d\u00e8s la premi\u00e8re nuit, pr\u00e9sentant ensuite un c\u00e9phalothorax parfaitement blanc. N\u00e9anmoins, les conditions d&rsquo;\u00e9levage n&rsquo;ont pas sembl\u00e9 lui convenir puisqu&rsquo;il n&rsquo;a jamais repris une activit\u00e9 normal et est mort deux semaines plus tard. Les deux autres individus ont reconstruit une chaussette de soie enti\u00e8re en quelques jours et sont nourris avec des grillons des bois adapt\u00e9s \u00e0 leur taille.<\/p>\n\n\n\n<p><em>Atypus affinis<\/em>&nbsp;est donc pr\u00e9sent dans le d\u00e9partement de la Creuse, sur un substrat granitique et sablonneux couvert de mousses. Il semble n\u00e9anmoins que cette araign\u00e9es ne soit pas pr\u00e9sente \u00e0 des altitudes sup\u00e9rieur \u00e0 500 m\u00e8tres dans la r\u00e9gions de Gu\u00e9ret. Il serait pr\u00e9f\u00e9rable d&rsquo;effectuer de nouvelles recherches pour confirmer cette hypoth\u00e8se.<\/p>\n\n\n\n<p><em>Ces observations, \u00e9crites par Jean-Marc Birat, sont tir\u00e9es de l&rsquo;article du m\u00eame nom publi\u00e9 dans le n\u00b053 d'\u00a0\u00bbArachnides\u00a0\u00bb (2\u00e8me trimestre 2002).<\/em><\/p>\n","protected":false},"excerpt":{"rendered":"<p>Observations sur\u00a0Atypus affinis\u00a0(Mygalomorphae,\u00a0Atypidae)\u00a0Eichwald, 1830 dans le d\u00e9partement de la Creuse. Etant de passage dans la Creuse (premi\u00e8re semaine d&rsquo;ao\u00fbt), je d\u00e9cidai d&rsquo;entreprendre des recherches sur le terrain afin de d&rsquo;observer si\u00a0Atypus affinis\u00a0\u00e9tait pr\u00e9sent dans le d\u00e9partement. Les nombreuses for\u00eats sablonneuses&#8230;<\/p>\n","protected":false},"author":1,"featured_media":0,"parent":0,"menu_order":0,"comment_status":"closed","ping_status":"closed","template":"","meta":{"footnotes":""},"class_list":["post-104","page","type-page","status-publish","hentry","no-post-thumbnail"],"_links":{"self":[{"href":"https:\/\/mygalomorphes.xiapdesign.com\/index.php\/wp-json\/wp\/v2\/pages\/104","targetHints":{"allow":["GET"]}}],"collection":[{"href":"https:\/\/mygalomorphes.xiapdesign.com\/index.php\/wp-json\/wp\/v2\/pages"}],"about":[{"href":"https:\/\/mygalomorphes.xiapdesign.com\/index.php\/wp-json\/wp\/v2\/types\/page"}],"author":[{"embeddable":true,"href":"https:\/\/mygalomorphes.xiapdesign.com\/index.php\/wp-json\/wp\/v2\/users\/1"}],"replies":[{"embeddable":true,"href":"https:\/\/mygalomorphes.xiapdesign.com\/index.php\/wp-json\/wp\/v2\/comments?post=104"}],"version-history":[{"count":1,"href":"https:\/\/mygalomorphes.xiapdesign.com\/index.php\/wp-json\/wp\/v2\/pages\/104\/revisions"}],"predecessor-version":[{"id":105,"href":"https:\/\/mygalomorphes.xiapdesign.com\/index.php\/wp-json\/wp\/v2\/pages\/104\/revisions\/105"}],"wp:attachment":[{"href":"https:\/\/mygalomorphes.xiapdesign.com\/index.php\/wp-json\/wp\/v2\/media?parent=104"}],"curies":[{"name":"wp","href":"https:\/\/api.w.org\/{rel}","templated":true}]}}